{"id":156,"date":"2017-09-15T14:24:46","date_gmt":"2017-09-15T12:24:46","guid":{"rendered":"http:\/\/www.circuitsderando.com\/traverseejura\/?page_id=156"},"modified":"2020-08-17T22:43:14","modified_gmt":"2020-08-17T20:43:14","slug":"insolite","status":"publish","type":"page","link":"https:\/\/www.circuitsderando.com\/traverseejura\/insolite\/","title":{"rendered":"Insolite"},"content":{"rendered":"\n<div style=\"float: left; margin: 10px; width: 300px; text-align: center;\">\n<p><img loading=\"lazy\" decoding=\"async\" class=\"alignnone wp-image-217 size-medium\" src=\"http:\/\/www.circuitsderando.com\/traverseejura\/wp-content\/uploads\/2017\/09\/2007-07-18_14-37-59-photo1979-300x225.jpg\" alt=\"\" width=\"300\" height=\"225\" srcset=\"https:\/\/www.circuitsderando.com\/traverseejura\/wp-content\/uploads\/2017\/09\/2007-07-18_14-37-59-photo1979-300x225.jpg 300w, https:\/\/www.circuitsderando.com\/traverseejura\/wp-content\/uploads\/2017\/09\/2007-07-18_14-37-59-photo1979.jpg 640w\" sizes=\"(max-width: 300px) 100vw, 300px\" \/><\/p>\n<p>Brebis pr\u00e8s de Pontarlier<\/p>\n<\/div>\n<div style=\"float: left; margin: 10px; width: 300px;\">\n<p><img loading=\"lazy\" decoding=\"async\" class=\"alignnone wp-image-216 size-medium\" src=\"http:\/\/www.circuitsderando.com\/traverseejura\/wp-content\/uploads\/2017\/09\/2007-07-23_13-42-37-photo2386-300x225.jpg\" alt=\"\" width=\"300\" height=\"225\" srcset=\"https:\/\/www.circuitsderando.com\/traverseejura\/wp-content\/uploads\/2017\/09\/2007-07-23_13-42-37-photo2386-300x225.jpg 300w, https:\/\/www.circuitsderando.com\/traverseejura\/wp-content\/uploads\/2017\/09\/2007-07-23_13-42-37-photo2386.jpg 640w\" sizes=\"(max-width: 300px) 100vw, 300px\" \/><\/p>\n<p style=\"text-align: center;\">Ane pr\u00e8s de Mouthe<\/p>\n<\/div>\n<div style=\"float: left; margin: 10px; width: 300px;\">\n<p><img loading=\"lazy\" decoding=\"async\" class=\"alignnone wp-image-215 size-medium\" src=\"http:\/\/www.circuitsderando.com\/traverseejura\/wp-content\/uploads\/2017\/09\/2007-07-21_13-16-51-photo2133-300x225.jpg\" alt=\"\" width=\"300\" height=\"225\" srcset=\"https:\/\/www.circuitsderando.com\/traverseejura\/wp-content\/uploads\/2017\/09\/2007-07-21_13-16-51-photo2133-300x225.jpg 300w, https:\/\/www.circuitsderando.com\/traverseejura\/wp-content\/uploads\/2017\/09\/2007-07-21_13-16-51-photo2133.jpg 640w\" sizes=\"(max-width: 300px) 100vw, 300px\" \/><\/p>\n<p style=\"text-align: center;\">Oye et Pallet<\/p>\n<\/div>\n<div style=\"clear: both;\"><\/div>\n<div style=\"float: left; margin: 10px;\">\n<p><img loading=\"lazy\" decoding=\"async\" class=\"alignnone wp-image-214 size-medium\" src=\"http:\/\/www.circuitsderando.com\/traverseejura\/wp-content\/uploads\/2017\/09\/2007-07-22_15-52-45-photo2284-300x225.jpg\" alt=\"\" width=\"300\" height=\"225\" srcset=\"https:\/\/www.circuitsderando.com\/traverseejura\/wp-content\/uploads\/2017\/09\/2007-07-22_15-52-45-photo2284-300x225.jpg 300w, https:\/\/www.circuitsderando.com\/traverseejura\/wp-content\/uploads\/2017\/09\/2007-07-22_15-52-45-photo2284.jpg 640w\" sizes=\"(max-width: 300px) 100vw, 300px\" \/><\/p>\n<p style=\"text-align: center;\">Surveillance au Coni&rsquo;Fer<\/p>\n<\/div>\n<div style=\"float: left; margin: 10px;\">\n<p><img loading=\"lazy\" decoding=\"async\" class=\"alignnone wp-image-213 size-medium\" src=\"http:\/\/www.circuitsderando.com\/traverseejura\/wp-content\/uploads\/2017\/09\/2007-07-23_13-50-42-photo2398-300x225.jpg\" alt=\"\" width=\"300\" height=\"225\" srcset=\"https:\/\/www.circuitsderando.com\/traverseejura\/wp-content\/uploads\/2017\/09\/2007-07-23_13-50-42-photo2398-300x225.jpg 300w, https:\/\/www.circuitsderando.com\/traverseejura\/wp-content\/uploads\/2017\/09\/2007-07-23_13-50-42-photo2398.jpg 640w\" sizes=\"(max-width: 300px) 100vw, 300px\" \/><\/p>\n<p style=\"text-align: center;\">M\u00e9tabief<\/p>\n<\/div>\n<div style=\"float: left; margin: 10px;\">\n<p><img loading=\"lazy\" decoding=\"async\" class=\"alignnone wp-image-212 size-medium\" src=\"http:\/\/www.circuitsderando.com\/traverseejura\/wp-content\/uploads\/2017\/09\/2007-07-24_12-40-06-photo2436-300x225.jpg\" alt=\"\" width=\"300\" height=\"225\" srcset=\"https:\/\/www.circuitsderando.com\/traverseejura\/wp-content\/uploads\/2017\/09\/2007-07-24_12-40-06-photo2436-300x225.jpg 300w, https:\/\/www.circuitsderando.com\/traverseejura\/wp-content\/uploads\/2017\/09\/2007-07-24_12-40-06-photo2436.jpg 640w\" sizes=\"(max-width: 300px) 100vw, 300px\" \/><\/p>\n<p style=\"text-align: center;\">Chevaux<\/p>\n<\/div>\n<div style=\"clear: both;\"><\/div>\n<div style=\"float: left; margin: 10px; text-align: center;\">\n<p>\u00a0<img loading=\"lazy\" decoding=\"async\" class=\"alignnone wp-image-211 size-medium\" src=\"http:\/\/www.circuitsderando.com\/traverseejura\/wp-content\/uploads\/2017\/09\/2007-07-24_12-48-46-photo2444-300x225.jpg\" alt=\"\" width=\"300\" height=\"225\" srcset=\"https:\/\/www.circuitsderando.com\/traverseejura\/wp-content\/uploads\/2017\/09\/2007-07-24_12-48-46-photo2444-300x225.jpg 300w, https:\/\/www.circuitsderando.com\/traverseejura\/wp-content\/uploads\/2017\/09\/2007-07-24_12-48-46-photo2444.jpg 640w\" sizes=\"(max-width: 300px) 100vw, 300px\" \/><\/p>\n<p>Longevilles<\/p>\n<\/div>\n<div style=\"float: left; margin: 10px; text-align: center;\">\n<p><img loading=\"lazy\" decoding=\"async\" class=\"alignnone wp-image-210 size-medium\" src=\"http:\/\/www.circuitsderando.com\/traverseejura\/wp-content\/uploads\/2017\/09\/2007-07-25_11-52-37-photo2583-300x225.jpg\" alt=\"\" width=\"300\" height=\"225\" srcset=\"https:\/\/www.circuitsderando.com\/traverseejura\/wp-content\/uploads\/2017\/09\/2007-07-25_11-52-37-photo2583-300x225.jpg 300w, https:\/\/www.circuitsderando.com\/traverseejura\/wp-content\/uploads\/2017\/09\/2007-07-25_11-52-37-photo2583.jpg 640w\" sizes=\"(max-width: 300px) 100vw, 300px\" \/><\/p>\n<p>Parc Polaire<\/p>\n<\/div>\n<div style=\"float: left; margin: 10px; text-align: center;\">\n<p><img loading=\"lazy\" decoding=\"async\" class=\"alignnone wp-image-209 size-medium\" src=\"http:\/\/www.circuitsderando.com\/traverseejura\/wp-content\/uploads\/2017\/09\/2007-07-25_12-28-13-photo2601-300x225.jpg\" alt=\"\" width=\"300\" height=\"225\" srcset=\"https:\/\/www.circuitsderando.com\/traverseejura\/wp-content\/uploads\/2017\/09\/2007-07-25_12-28-13-photo2601-300x225.jpg 300w, https:\/\/www.circuitsderando.com\/traverseejura\/wp-content\/uploads\/2017\/09\/2007-07-25_12-28-13-photo2601.jpg 640w\" sizes=\"(max-width: 300px) 100vw, 300px\" \/>x<\/p>\n<p>Parc Polaire<\/p>\n<\/div>\n","protected":false},"excerpt":{"rendered":"<p>Brebis pr\u00e8s de Pontarlier Ane pr\u00e8s de Mouthe Oye et Pallet Surveillance au Coni&rsquo;Fer M\u00e9tabief Chevaux \u00a0 Longevilles Parc Polaire x Parc Polaire<\/p>\n","protected":false},"author":1,"featured_media":0,"parent":0,"menu_order":0,"comment_status":"closed","ping_status":"closed","template":"templates\/full-width-page.php","meta":{"_monsterinsights_skip_tracking":false,"_monsterinsights_sitenote_active":false,"_monsterinsights_sitenote_note":"","_monsterinsights_sitenote_category":0,"footnotes":""},"class_list":["post-156","page","type-page","status-publish","hentry"],"yoast_head":"<!-- This site is optimized with the Yoast SEO plugin v23.5 - https:\/\/yoast.com\/wordpress\/plugins\/seo\/ -->\n<title>Insolite - Travers\u00e9e du Jura<\/title>\n<meta name=\"robots\" content=\"index, follow, max-snippet:-1, max-image-preview:large, max-video-preview:-1\" \/>\n<link rel=\"canonical\" href=\"https:\/\/www.circuitsderando.com\/traverseejura\/insolite\/\" \/>\n<meta property=\"og:locale\" content=\"fr_FR\" \/>\n<meta property=\"og:type\" content=\"article\" \/>\n<meta property=\"og:title\" content=\"Insolite - Travers\u00e9e du Jura\" \/>\n<meta property=\"og:description\" content=\"Brebis pr\u00e8s de Pontarlier Ane pr\u00e8s de Mouthe Oye et Pallet Surveillance au Coni&rsquo;Fer M\u00e9tabief Chevaux \u00a0 Longevilles Parc Polaire x Parc Polaire\" \/>\n<meta property=\"og:url\" content=\"https:\/\/www.circuitsderando.com\/traverseejura\/insolite\/\" \/>\n<meta property=\"og:site_name\" content=\"Travers\u00e9e du Jura\" \/>\n<meta property=\"article:modified_time\" content=\"2020-08-17T20:43:14+00:00\" \/>\n<meta property=\"og:image\" content=\"http:\/\/www.circuitsderando.com\/traverseejura\/wp-content\/uploads\/2017\/09\/2007-07-18_14-37-59-photo1979-300x225.jpg\" \/>\n<meta name=\"twitter:card\" content=\"summary_large_image\" \/>\n<script type=\"application\/ld+json\" class=\"yoast-schema-graph\">{\"@context\":\"https:\/\/schema.org\",\"@graph\":[{\"@type\":\"WebPage\",\"@id\":\"https:\/\/www.circuitsderando.com\/traverseejura\/insolite\/\",\"url\":\"https:\/\/www.circuitsderando.com\/traverseejura\/insolite\/\",\"name\":\"Insolite - Travers\u00e9e du Jura\",\"isPartOf\":{\"@id\":\"https:\/\/www.circuitsderando.com\/traverseejura\/#website\"},\"primaryImageOfPage\":{\"@id\":\"https:\/\/www.circuitsderando.com\/traverseejura\/insolite\/#primaryimage\"},\"image\":{\"@id\":\"https:\/\/www.circuitsderando.com\/traverseejura\/insolite\/#primaryimage\"},\"thumbnailUrl\":\"http:\/\/www.circuitsderando.com\/traverseejura\/wp-content\/uploads\/2017\/09\/2007-07-18_14-37-59-photo1979-300x225.jpg\",\"datePublished\":\"2017-09-15T12:24:46+00:00\",\"dateModified\":\"2020-08-17T20:43:14+00:00\",\"breadcrumb\":{\"@id\":\"https:\/\/www.circuitsderando.com\/traverseejura\/insolite\/#breadcrumb\"},\"inLanguage\":\"fr-FR\",\"potentialAction\":[{\"@type\":\"ReadAction\",\"target\":[\"https:\/\/www.circuitsderando.com\/traverseejura\/insolite\/\"]}]},{\"@type\":\"ImageObject\",\"inLanguage\":\"fr-FR\",\"@id\":\"https:\/\/www.circuitsderando.com\/traverseejura\/insolite\/#primaryimage\",\"url\":\"https:\/\/www.circuitsderando.com\/traverseejura\/wp-content\/uploads\/2017\/09\/2007-07-18_14-37-59-photo1979.jpg\",\"contentUrl\":\"https:\/\/www.circuitsderando.com\/traverseejura\/wp-content\/uploads\/2017\/09\/2007-07-18_14-37-59-photo1979.jpg\",\"width\":640,\"height\":480},{\"@type\":\"BreadcrumbList\",\"@id\":\"https:\/\/www.circuitsderando.com\/traverseejura\/insolite\/#breadcrumb\",\"itemListElement\":[{\"@type\":\"ListItem\",\"position\":1,\"name\":\"Travers\u00e9e du Jura\",\"item\":\"https:\/\/www.circuitsderando.com\/traverseejura\/\"},{\"@type\":\"ListItem\",\"position\":2,\"name\":\"Insolite\"}]},{\"@type\":\"WebSite\",\"@id\":\"https:\/\/www.circuitsderando.com\/traverseejura\/#website\",\"url\":\"https:\/\/www.circuitsderando.com\/traverseejura\/\",\"name\":\"Travers\u00e9e du Jura\",\"description\":\"De Villers le Lac \u00e0 Pr\u00e9manon\",\"potentialAction\":[{\"@type\":\"SearchAction\",\"target\":{\"@type\":\"EntryPoint\",\"urlTemplate\":\"https:\/\/www.circuitsderando.com\/traverseejura\/?s={search_term_string}\"},\"query-input\":{\"@type\":\"PropertyValueSpecification\",\"valueRequired\":true,\"valueName\":\"search_term_string\"}}],\"inLanguage\":\"fr-FR\"}]}<\/script>\n<!-- \/ Yoast SEO plugin. -->","yoast_head_json":{"title":"Insolite - Travers\u00e9e du Jura","robots":{"index":"index","follow":"follow","max-snippet":"max-snippet:-1","max-image-preview":"max-image-preview:large","max-video-preview":"max-video-preview:-1"},"canonical":"https:\/\/www.circuitsderando.com\/traverseejura\/insolite\/","og_locale":"fr_FR","og_type":"article","og_title":"Insolite - Travers\u00e9e du Jura","og_description":"Brebis pr\u00e8s de Pontarlier Ane pr\u00e8s de Mouthe Oye et Pallet Surveillance au Coni&rsquo;Fer M\u00e9tabief Chevaux \u00a0 Longevilles Parc Polaire x Parc Polaire","og_url":"https:\/\/www.circuitsderando.com\/traverseejura\/insolite\/","og_site_name":"Travers\u00e9e du Jura","article_modified_time":"2020-08-17T20:43:14+00:00","og_image":[{"url":"http:\/\/www.circuitsderando.com\/traverseejura\/wp-content\/uploads\/2017\/09\/2007-07-18_14-37-59-photo1979-300x225.jpg"}],"twitter_card":"summary_large_image","schema":{"@context":"https:\/\/schema.org","@graph":[{"@type":"WebPage","@id":"https:\/\/www.circuitsderando.com\/traverseejura\/insolite\/","url":"https:\/\/www.circuitsderando.com\/traverseejura\/insolite\/","name":"Insolite - Travers\u00e9e du Jura","isPartOf":{"@id":"https:\/\/www.circuitsderando.com\/traverseejura\/#website"},"primaryImageOfPage":{"@id":"https:\/\/www.circuitsderando.com\/traverseejura\/insolite\/#primaryimage"},"image":{"@id":"https:\/\/www.circuitsderando.com\/traverseejura\/insolite\/#primaryimage"},"thumbnailUrl":"http:\/\/www.circuitsderando.com\/traverseejura\/wp-content\/uploads\/2017\/09\/2007-07-18_14-37-59-photo1979-300x225.jpg","datePublished":"2017-09-15T12:24:46+00:00","dateModified":"2020-08-17T20:43:14+00:00","breadcrumb":{"@id":"https:\/\/www.circuitsderando.com\/traverseejura\/insolite\/#breadcrumb"},"inLanguage":"fr-FR","potentialAction":[{"@type":"ReadAction","target":["https:\/\/www.circuitsderando.com\/traverseejura\/insolite\/"]}]},{"@type":"ImageObject","inLanguage":"fr-FR","@id":"https:\/\/www.circuitsderando.com\/traverseejura\/insolite\/#primaryimage","url":"https:\/\/www.circuitsderando.com\/traverseejura\/wp-content\/uploads\/2017\/09\/2007-07-18_14-37-59-photo1979.jpg","contentUrl":"https:\/\/www.circuitsderando.com\/traverseejura\/wp-content\/uploads\/2017\/09\/2007-07-18_14-37-59-photo1979.jpg","width":640,"height":480},{"@type":"BreadcrumbList","@id":"https:\/\/www.circuitsderando.com\/traverseejura\/insolite\/#breadcrumb","itemListElement":[{"@type":"ListItem","position":1,"name":"Travers\u00e9e du Jura","item":"https:\/\/www.circuitsderando.com\/traverseejura\/"},{"@type":"ListItem","position":2,"name":"Insolite"}]},{"@type":"WebSite","@id":"https:\/\/www.circuitsderando.com\/traverseejura\/#website","url":"https:\/\/www.circuitsderando.com\/traverseejura\/","name":"Travers\u00e9e du Jura","description":"De Villers le Lac \u00e0 Pr\u00e9manon","potentialAction":[{"@type":"SearchAction","target":{"@type":"EntryPoint","urlTemplate":"https:\/\/www.circuitsderando.com\/traverseejura\/?s={search_term_string}"},"query-input":{"@type":"PropertyValueSpecification","valueRequired":true,"valueName":"search_term_string"}}],"inLanguage":"fr-FR"}]}},"_links":{"self":[{"href":"https:\/\/www.circuitsderando.com\/traverseejura\/wp-json\/wp\/v2\/pages\/156"}],"collection":[{"href":"https:\/\/www.circuitsderando.com\/traverseejura\/wp-json\/wp\/v2\/pages"}],"about":[{"href":"https:\/\/www.circuitsderando.com\/traverseejura\/wp-json\/wp\/v2\/types\/page"}],"author":[{"embeddable":true,"href":"https:\/\/www.circuitsderando.com\/traverseejura\/wp-json\/wp\/v2\/users\/1"}],"replies":[{"embeddable":true,"href":"https:\/\/www.circuitsderando.com\/traverseejura\/wp-json\/wp\/v2\/comments?post=156"}],"version-history":[{"count":6,"href":"https:\/\/www.circuitsderando.com\/traverseejura\/wp-json\/wp\/v2\/pages\/156\/revisions"}],"predecessor-version":[{"id":260,"href":"https:\/\/www.circuitsderando.com\/traverseejura\/wp-json\/wp\/v2\/pages\/156\/revisions\/260"}],"wp:attachment":[{"href":"https:\/\/www.circuitsderando.com\/traverseejura\/wp-json\/wp\/v2\/media?parent=156"}],"curies":[{"name":"wp","href":"https:\/\/api.w.org\/{rel}","templated":true}]}}