{"id":36,"date":"2020-11-04T13:57:52","date_gmt":"2020-11-04T12:57:52","guid":{"rendered":"https:\/\/www.circuitsderando.com\/pyrenees\/tour-pic-ossau\/?page_id=36"},"modified":"2022-11-17T08:39:03","modified_gmt":"2022-11-17T07:39:03","slug":"pourtalet-bious-artigues","status":"publish","type":"page","link":"https:\/\/www.circuitsderando.com\/pyrenees\/tour-pic-ossau\/pourtalet-bious-artigues\/","title":{"rendered":"Pourtalet &#8211; Bious Artigues"},"content":{"rendered":"\n<div class=\"wp-block-columns is-layout-flex wp-container-core-columns-is-layout-1 wp-block-columns-is-layout-flex\">\n<div class=\"wp-block-column is-layout-flow wp-block-column-is-layout-flow\">\n<figure class=\"wp-block-image size-large\"><a href=\"https:\/\/www.circuitsderando.com\/pyrenees\/tour-pic-ossau\/wp-content\/uploads\/2020\/11\/cirque-aneouh.jpg\" target=\"_blank\" rel=\"noreferrer noopener\"><img loading=\"lazy\" decoding=\"async\" width=\"960\" height=\"720\" src=\"https:\/\/www.circuitsderando.com\/pyrenees\/tour-pic-ossau\/wp-content\/uploads\/2020\/11\/cirque-aneouh.jpg\" alt=\"\" class=\"wp-image-115\" srcset=\"https:\/\/www.circuitsderando.com\/pyrenees\/tour-pic-ossau\/wp-content\/uploads\/2020\/11\/cirque-aneouh.jpg 960w, https:\/\/www.circuitsderando.com\/pyrenees\/tour-pic-ossau\/wp-content\/uploads\/2020\/11\/cirque-aneouh-300x225.jpg 300w, https:\/\/www.circuitsderando.com\/pyrenees\/tour-pic-ossau\/wp-content\/uploads\/2020\/11\/cirque-aneouh-768x576.jpg 768w, https:\/\/www.circuitsderando.com\/pyrenees\/tour-pic-ossau\/wp-content\/uploads\/2020\/11\/cirque-aneouh-690x518.jpg 690w\" sizes=\"(max-width: 960px) 100vw, 960px\" \/><\/a><figcaption class=\"wp-element-caption\"><strong>CIRQUE D&rsquo;ANEOUH (1812 M)<\/strong><br><br>Pr\u00e8s du col du Pourtalet<\/figcaption><\/figure>\n<\/div>\n\n\n\n<div class=\"wp-block-column is-layout-flow wp-block-column-is-layout-flow\">\n<figure class=\"wp-block-image size-large\"><a href=\"https:\/\/www.circuitsderando.com\/pyrenees\/tour-pic-ossau\/wp-content\/uploads\/2020\/11\/refuge-de-pombie.jpg\" target=\"_blank\" rel=\"noreferrer noopener\"><img loading=\"lazy\" decoding=\"async\" width=\"960\" height=\"720\" src=\"https:\/\/www.circuitsderando.com\/pyrenees\/tour-pic-ossau\/wp-content\/uploads\/2020\/11\/refuge-de-pombie.jpg\" alt=\"\" class=\"wp-image-117\" srcset=\"https:\/\/www.circuitsderando.com\/pyrenees\/tour-pic-ossau\/wp-content\/uploads\/2020\/11\/refuge-de-pombie.jpg 960w, https:\/\/www.circuitsderando.com\/pyrenees\/tour-pic-ossau\/wp-content\/uploads\/2020\/11\/refuge-de-pombie-300x225.jpg 300w, https:\/\/www.circuitsderando.com\/pyrenees\/tour-pic-ossau\/wp-content\/uploads\/2020\/11\/refuge-de-pombie-768x576.jpg 768w, https:\/\/www.circuitsderando.com\/pyrenees\/tour-pic-ossau\/wp-content\/uploads\/2020\/11\/refuge-de-pombie-690x518.jpg 690w\" sizes=\"(max-width: 960px) 100vw, 960px\" \/><\/a><figcaption class=\"wp-element-caption\"><strong>REFUGE DE POMBIE (2026 M)<\/strong><br><br>Refuge situ\u00e9 au bord du Lac de Pombie. C&rsquo;est un des refuges situ\u00e9 dans la zone la plus sauvage.<\/figcaption><\/figure>\n<\/div>\n\n\n\n<div class=\"wp-block-column is-layout-flow wp-block-column-is-layout-flow\">\n<figure class=\"wp-block-image size-large\"><a href=\"https:\/\/www.circuitsderando.com\/pyrenees\/tour-pic-ossau\/wp-content\/uploads\/2020\/11\/lac-de-pombie.jpg\" target=\"_blank\" rel=\"noreferrer noopener\"><img loading=\"lazy\" decoding=\"async\" width=\"960\" height=\"720\" src=\"https:\/\/www.circuitsderando.com\/pyrenees\/tour-pic-ossau\/wp-content\/uploads\/2020\/11\/lac-de-pombie.jpg\" alt=\"\" class=\"wp-image-118\" srcset=\"https:\/\/www.circuitsderando.com\/pyrenees\/tour-pic-ossau\/wp-content\/uploads\/2020\/11\/lac-de-pombie.jpg 960w, https:\/\/www.circuitsderando.com\/pyrenees\/tour-pic-ossau\/wp-content\/uploads\/2020\/11\/lac-de-pombie-300x225.jpg 300w, https:\/\/www.circuitsderando.com\/pyrenees\/tour-pic-ossau\/wp-content\/uploads\/2020\/11\/lac-de-pombie-768x576.jpg 768w, https:\/\/www.circuitsderando.com\/pyrenees\/tour-pic-ossau\/wp-content\/uploads\/2020\/11\/lac-de-pombie-690x518.jpg 690w\" sizes=\"(max-width: 960px) 100vw, 960px\" \/><\/a><figcaption class=\"wp-element-caption\"><strong>LAC DE POMBIE (2031 M)<\/strong><br><br>Petit lac situ\u00e9 sur le plateau du Soum de Pombie.<\/figcaption><\/figure>\n<\/div>\n<\/div>\n\n\n\n<div class=\"wp-block-columns is-layout-flex wp-container-core-columns-is-layout-2 wp-block-columns-is-layout-flex\">\n<div class=\"wp-block-column is-layout-flow wp-block-column-is-layout-flow\">\n<figure class=\"wp-block-image size-large\"><a href=\"https:\/\/www.circuitsderando.com\/pyrenees\/tour-pic-ossau\/wp-content\/uploads\/2020\/11\/montee-pombie-ossau.jpg\" target=\"_blank\" rel=\"noreferrer noopener\"><img loading=\"lazy\" decoding=\"async\" width=\"960\" height=\"720\" src=\"https:\/\/www.circuitsderando.com\/pyrenees\/tour-pic-ossau\/wp-content\/uploads\/2020\/11\/montee-pombie-ossau.jpg\" alt=\"\" class=\"wp-image-120\" srcset=\"https:\/\/www.circuitsderando.com\/pyrenees\/tour-pic-ossau\/wp-content\/uploads\/2020\/11\/montee-pombie-ossau.jpg 960w, https:\/\/www.circuitsderando.com\/pyrenees\/tour-pic-ossau\/wp-content\/uploads\/2020\/11\/montee-pombie-ossau-300x225.jpg 300w, https:\/\/www.circuitsderando.com\/pyrenees\/tour-pic-ossau\/wp-content\/uploads\/2020\/11\/montee-pombie-ossau-768x576.jpg 768w, https:\/\/www.circuitsderando.com\/pyrenees\/tour-pic-ossau\/wp-content\/uploads\/2020\/11\/montee-pombie-ossau-690x518.jpg 690w\" sizes=\"(max-width: 960px) 100vw, 960px\" \/><\/a><figcaption class=\"wp-element-caption\"><strong>VUE SUR LE PIC D&rsquo;OSSAU (2050 M)<\/strong><br><\/figcaption><\/figure>\n<\/div>\n\n\n\n<div class=\"wp-block-column is-layout-flow wp-block-column-is-layout-flow\">\n<figure class=\"wp-block-image size-large\"><a href=\"https:\/\/www.circuitsderando.com\/pyrenees\/tour-pic-ossau\/wp-content\/uploads\/2020\/11\/col-de-suzon.jpg\" target=\"_blank\" rel=\"noreferrer noopener\"><img loading=\"lazy\" decoding=\"async\" width=\"960\" height=\"720\" src=\"https:\/\/www.circuitsderando.com\/pyrenees\/tour-pic-ossau\/wp-content\/uploads\/2020\/11\/col-de-suzon.jpg\" alt=\"\" class=\"wp-image-122\" srcset=\"https:\/\/www.circuitsderando.com\/pyrenees\/tour-pic-ossau\/wp-content\/uploads\/2020\/11\/col-de-suzon.jpg 960w, https:\/\/www.circuitsderando.com\/pyrenees\/tour-pic-ossau\/wp-content\/uploads\/2020\/11\/col-de-suzon-300x225.jpg 300w, https:\/\/www.circuitsderando.com\/pyrenees\/tour-pic-ossau\/wp-content\/uploads\/2020\/11\/col-de-suzon-768x576.jpg 768w, https:\/\/www.circuitsderando.com\/pyrenees\/tour-pic-ossau\/wp-content\/uploads\/2020\/11\/col-de-suzon-690x518.jpg 690w\" sizes=\"(max-width: 960px) 100vw, 960px\" \/><\/a><figcaption class=\"wp-element-caption\"><strong>COL DE SUZON (2127 M)<\/strong><br><br>Col situ\u00e9 entre le pic du midi d&rsquo;Ossau et le pic Saoubliste ainsi que le Pic de Moundelhs<\/figcaption><\/figure>\n<\/div>\n\n\n\n<div class=\"wp-block-column is-layout-flow wp-block-column-is-layout-flow\">\n<figure class=\"wp-block-image size-large\"><a href=\"https:\/\/www.circuitsderando.com\/pyrenees\/tour-pic-ossau\/wp-content\/uploads\/2020\/11\/moundelhs-2.jpg\" target=\"_blank\" rel=\"noreferrer noopener\"><img loading=\"lazy\" decoding=\"async\" width=\"960\" height=\"720\" src=\"https:\/\/www.circuitsderando.com\/pyrenees\/tour-pic-ossau\/wp-content\/uploads\/2020\/11\/moundelhs-2.jpg\" alt=\"\" class=\"wp-image-127\" srcset=\"https:\/\/www.circuitsderando.com\/pyrenees\/tour-pic-ossau\/wp-content\/uploads\/2020\/11\/moundelhs-2.jpg 960w, https:\/\/www.circuitsderando.com\/pyrenees\/tour-pic-ossau\/wp-content\/uploads\/2020\/11\/moundelhs-2-300x225.jpg 300w, https:\/\/www.circuitsderando.com\/pyrenees\/tour-pic-ossau\/wp-content\/uploads\/2020\/11\/moundelhs-2-768x576.jpg 768w, https:\/\/www.circuitsderando.com\/pyrenees\/tour-pic-ossau\/wp-content\/uploads\/2020\/11\/moundelhs-2-690x518.jpg 690w\" sizes=\"(max-width: 960px) 100vw, 960px\" \/><\/a><figcaption class=\"wp-element-caption\"><strong>MOUNDELHS (1932 M)<\/strong><br><br>Vue sur le Col de Moundelhs, le Turon de Magnabeigt et le Pic Lavigne<\/figcaption><\/figure>\n<\/div>\n<\/div>\n\n\n\n<div class=\"wp-block-columns is-layout-flex wp-container-core-columns-is-layout-3 wp-block-columns-is-layout-flex\">\n<div class=\"wp-block-column is-layout-flow wp-block-column-is-layout-flow\">\n<figure class=\"wp-block-image size-large\"><a href=\"https:\/\/www.circuitsderando.com\/pyrenees\/tour-pic-ossau\/wp-content\/uploads\/2020\/11\/saoubiste.jpg\" target=\"_blank\" rel=\"noreferrer noopener\"><img loading=\"lazy\" decoding=\"async\" width=\"960\" height=\"720\" src=\"https:\/\/www.circuitsderando.com\/pyrenees\/tour-pic-ossau\/wp-content\/uploads\/2020\/11\/saoubiste.jpg\" alt=\"\" class=\"wp-image-129\" srcset=\"https:\/\/www.circuitsderando.com\/pyrenees\/tour-pic-ossau\/wp-content\/uploads\/2020\/11\/saoubiste.jpg 960w, https:\/\/www.circuitsderando.com\/pyrenees\/tour-pic-ossau\/wp-content\/uploads\/2020\/11\/saoubiste-300x225.jpg 300w, https:\/\/www.circuitsderando.com\/pyrenees\/tour-pic-ossau\/wp-content\/uploads\/2020\/11\/saoubiste-768x576.jpg 768w, https:\/\/www.circuitsderando.com\/pyrenees\/tour-pic-ossau\/wp-content\/uploads\/2020\/11\/saoubiste-690x518.jpg 690w\" sizes=\"(max-width: 960px) 100vw, 960px\" \/><\/a><figcaption class=\"wp-element-caption\"><strong>PIC SAOUBISTE (2261 M)<\/strong><\/figcaption><\/figure>\n<\/div>\n\n\n\n<div class=\"wp-block-column is-layout-flow wp-block-column-is-layout-flow\">\n<figure class=\"wp-block-image size-large\"><a href=\"https:\/\/www.circuitsderando.com\/pyrenees\/tour-pic-ossau\/wp-content\/uploads\/2020\/11\/col-moundelhs-vers-ouest.jpg\" target=\"_blank\" rel=\"noreferrer noopener\"><img loading=\"lazy\" decoding=\"async\" width=\"960\" height=\"720\" src=\"https:\/\/www.circuitsderando.com\/pyrenees\/tour-pic-ossau\/wp-content\/uploads\/2020\/11\/col-moundelhs-vers-ouest.jpg\" alt=\"\" class=\"wp-image-125\" srcset=\"https:\/\/www.circuitsderando.com\/pyrenees\/tour-pic-ossau\/wp-content\/uploads\/2020\/11\/col-moundelhs-vers-ouest.jpg 960w, https:\/\/www.circuitsderando.com\/pyrenees\/tour-pic-ossau\/wp-content\/uploads\/2020\/11\/col-moundelhs-vers-ouest-300x225.jpg 300w, https:\/\/www.circuitsderando.com\/pyrenees\/tour-pic-ossau\/wp-content\/uploads\/2020\/11\/col-moundelhs-vers-ouest-768x576.jpg 768w, https:\/\/www.circuitsderando.com\/pyrenees\/tour-pic-ossau\/wp-content\/uploads\/2020\/11\/col-moundelhs-vers-ouest-690x518.jpg 690w\" sizes=\"(max-width: 960px) 100vw, 960px\" \/><\/a><figcaption class=\"wp-element-caption\"><strong>MOUNDELHS (2131 M)<\/strong><\/figcaption><\/figure>\n<\/div>\n\n\n\n<div class=\"wp-block-column is-layout-flow wp-block-column-is-layout-flow\">\n<figure class=\"wp-block-image size-large\"><a href=\"https:\/\/www.circuitsderando.com\/pyrenees\/tour-pic-ossau\/wp-content\/uploads\/2020\/11\/lac-bious-artigues.jpg\" target=\"_blank\" rel=\"noreferrer noopener\"><img loading=\"lazy\" decoding=\"async\" width=\"960\" height=\"720\" src=\"https:\/\/www.circuitsderando.com\/pyrenees\/tour-pic-ossau\/wp-content\/uploads\/2020\/11\/lac-bious-artigues.jpg\" alt=\"\" class=\"wp-image-123\" srcset=\"https:\/\/www.circuitsderando.com\/pyrenees\/tour-pic-ossau\/wp-content\/uploads\/2020\/11\/lac-bious-artigues.jpg 960w, https:\/\/www.circuitsderando.com\/pyrenees\/tour-pic-ossau\/wp-content\/uploads\/2020\/11\/lac-bious-artigues-300x225.jpg 300w, https:\/\/www.circuitsderando.com\/pyrenees\/tour-pic-ossau\/wp-content\/uploads\/2020\/11\/lac-bious-artigues-768x576.jpg 768w, https:\/\/www.circuitsderando.com\/pyrenees\/tour-pic-ossau\/wp-content\/uploads\/2020\/11\/lac-bious-artigues-690x518.jpg 690w\" sizes=\"(max-width: 960px) 100vw, 960px\" \/><\/a><figcaption class=\"wp-element-caption\"><strong>LAC DE BIOUS ARTIGUES (1422 M)<\/strong><br><br>Lac aliment\u00e9 par le Gave de Bious venant en partie des lacs d&rsquo;Ayous. Un barrage est situ\u00e9 \u00e0 l&rsquo;extr\u00e9mit\u00e9 du lac.<\/figcaption><\/figure>\n<\/div>\n<\/div>\n\n\n\n<p class=\"has-text-align-right\"><a href=\"https:\/\/www.circuitsderando.com\/pyrenees\/tour-pic-ossau\/index.php\/bious-artigues-etsaut\/\">Etape 5 : Bious Artigues &#8211; Etsaut &gt;&gt;&gt;<\/a><\/p>\n","protected":false},"excerpt":{"rendered":"<p>Etape 5 : Bious Artigues &#8211; Etsaut &gt;&gt;&gt;<\/p>\n","protected":false},"author":1,"featured_media":0,"parent":0,"menu_order":0,"comment_status":"closed","ping_status":"closed","template":"templates\/full-width-page.php","meta":{"_monsterinsights_skip_tracking":false,"_monsterinsights_sitenote_active":false,"_monsterinsights_sitenote_note":"","_monsterinsights_sitenote_category":0,"footnotes":""},"class_list":["post-36","page","type-page","status-publish","hentry"],"yoast_head":"<!-- This site is optimized with the Yoast SEO plugin v23.5 - https:\/\/yoast.com\/wordpress\/plugins\/seo\/ -->\n<title>Pourtalet - Bious Artigues - Tour du Pic du Midi d&#039;Ossau<\/title>\n<meta name=\"robots\" content=\"index, follow, max-snippet:-1, max-image-preview:large, max-video-preview:-1\" \/>\n<link rel=\"canonical\" href=\"https:\/\/www.circuitsderando.com\/pyrenees\/tour-pic-ossau\/pourtalet-bious-artigues\/\" \/>\n<meta property=\"og:locale\" content=\"fr_FR\" \/>\n<meta property=\"og:type\" content=\"article\" \/>\n<meta property=\"og:title\" content=\"Pourtalet - Bious Artigues - Tour du Pic du Midi d&#039;Ossau\" \/>\n<meta property=\"og:description\" content=\"Etape 5 : Bious Artigues &#8211; Etsaut &gt;&gt;&gt;\" \/>\n<meta property=\"og:url\" content=\"https:\/\/www.circuitsderando.com\/pyrenees\/tour-pic-ossau\/pourtalet-bious-artigues\/\" \/>\n<meta property=\"og:site_name\" content=\"Tour du Pic du Midi d&#039;Ossau\" \/>\n<meta property=\"article:modified_time\" content=\"2022-11-17T07:39:03+00:00\" \/>\n<meta property=\"og:image\" content=\"https:\/\/www.circuitsderando.com\/pyrenees\/tour-pic-ossau\/wp-content\/uploads\/2020\/11\/cirque-aneouh.jpg\" \/>\n<meta name=\"twitter:card\" content=\"summary_large_image\" \/>\n<meta name=\"twitter:label1\" content=\"Dur\u00e9e de lecture estim\u00e9e\" \/>\n\t<meta name=\"twitter:data1\" content=\"3 minutes\" \/>\n<script type=\"application\/ld+json\" class=\"yoast-schema-graph\">{\"@context\":\"https:\/\/schema.org\",\"@graph\":[{\"@type\":\"WebPage\",\"@id\":\"https:\/\/www.circuitsderando.com\/pyrenees\/tour-pic-ossau\/pourtalet-bious-artigues\/\",\"url\":\"https:\/\/www.circuitsderando.com\/pyrenees\/tour-pic-ossau\/pourtalet-bious-artigues\/\",\"name\":\"Pourtalet - Bious Artigues - Tour du Pic du Midi d&#039;Ossau\",\"isPartOf\":{\"@id\":\"https:\/\/www.circuitsderando.com\/pyrenees\/tour-pic-ossau\/#website\"},\"primaryImageOfPage\":{\"@id\":\"https:\/\/www.circuitsderando.com\/pyrenees\/tour-pic-ossau\/pourtalet-bious-artigues\/#primaryimage\"},\"image\":{\"@id\":\"https:\/\/www.circuitsderando.com\/pyrenees\/tour-pic-ossau\/pourtalet-bious-artigues\/#primaryimage\"},\"thumbnailUrl\":\"https:\/\/www.circuitsderando.com\/pyrenees\/tour-pic-ossau\/wp-content\/uploads\/2020\/11\/cirque-aneouh.jpg\",\"datePublished\":\"2020-11-04T12:57:52+00:00\",\"dateModified\":\"2022-11-17T07:39:03+00:00\",\"breadcrumb\":{\"@id\":\"https:\/\/www.circuitsderando.com\/pyrenees\/tour-pic-ossau\/pourtalet-bious-artigues\/#breadcrumb\"},\"inLanguage\":\"fr-FR\",\"potentialAction\":[{\"@type\":\"ReadAction\",\"target\":[\"https:\/\/www.circuitsderando.com\/pyrenees\/tour-pic-ossau\/pourtalet-bious-artigues\/\"]}]},{\"@type\":\"ImageObject\",\"inLanguage\":\"fr-FR\",\"@id\":\"https:\/\/www.circuitsderando.com\/pyrenees\/tour-pic-ossau\/pourtalet-bious-artigues\/#primaryimage\",\"url\":\"https:\/\/www.circuitsderando.com\/pyrenees\/tour-pic-ossau\/wp-content\/uploads\/2020\/11\/cirque-aneouh.jpg\",\"contentUrl\":\"https:\/\/www.circuitsderando.com\/pyrenees\/tour-pic-ossau\/wp-content\/uploads\/2020\/11\/cirque-aneouh.jpg\",\"width\":960,\"height\":720},{\"@type\":\"BreadcrumbList\",\"@id\":\"https:\/\/www.circuitsderando.com\/pyrenees\/tour-pic-ossau\/pourtalet-bious-artigues\/#breadcrumb\",\"itemListElement\":[{\"@type\":\"ListItem\",\"position\":1,\"name\":\"Tour du Pic du Midi d'Ossau\",\"item\":\"https:\/\/www.circuitsderando.com\/pyrenees\/tour-pic-ossau\/\"},{\"@type\":\"ListItem\",\"position\":2,\"name\":\"Pourtalet &#8211; Bious Artigues\"}]},{\"@type\":\"WebSite\",\"@id\":\"https:\/\/www.circuitsderando.com\/pyrenees\/tour-pic-ossau\/#website\",\"url\":\"https:\/\/www.circuitsderando.com\/pyrenees\/tour-pic-ossau\/\",\"name\":\"Tour du Pic du Midi d&#039;Ossau\",\"description\":\"Lescun - Arlet - Lacs d&#039;Ayous - Bious - Etsaut\",\"potentialAction\":[{\"@type\":\"SearchAction\",\"target\":{\"@type\":\"EntryPoint\",\"urlTemplate\":\"https:\/\/www.circuitsderando.com\/pyrenees\/tour-pic-ossau\/?s={search_term_string}\"},\"query-input\":{\"@type\":\"PropertyValueSpecification\",\"valueRequired\":true,\"valueName\":\"search_term_string\"}}],\"inLanguage\":\"fr-FR\"}]}<\/script>\n<!-- \/ Yoast SEO plugin. -->","yoast_head_json":{"title":"Pourtalet - Bious Artigues - Tour du Pic du Midi d&#039;Ossau","robots":{"index":"index","follow":"follow","max-snippet":"max-snippet:-1","max-image-preview":"max-image-preview:large","max-video-preview":"max-video-preview:-1"},"canonical":"https:\/\/www.circuitsderando.com\/pyrenees\/tour-pic-ossau\/pourtalet-bious-artigues\/","og_locale":"fr_FR","og_type":"article","og_title":"Pourtalet - Bious Artigues - Tour du Pic du Midi d&#039;Ossau","og_description":"Etape 5 : Bious Artigues &#8211; Etsaut &gt;&gt;&gt;","og_url":"https:\/\/www.circuitsderando.com\/pyrenees\/tour-pic-ossau\/pourtalet-bious-artigues\/","og_site_name":"Tour du Pic du Midi d&#039;Ossau","article_modified_time":"2022-11-17T07:39:03+00:00","og_image":[{"url":"https:\/\/www.circuitsderando.com\/pyrenees\/tour-pic-ossau\/wp-content\/uploads\/2020\/11\/cirque-aneouh.jpg"}],"twitter_card":"summary_large_image","twitter_misc":{"Dur\u00e9e de lecture estim\u00e9e":"3 minutes"},"schema":{"@context":"https:\/\/schema.org","@graph":[{"@type":"WebPage","@id":"https:\/\/www.circuitsderando.com\/pyrenees\/tour-pic-ossau\/pourtalet-bious-artigues\/","url":"https:\/\/www.circuitsderando.com\/pyrenees\/tour-pic-ossau\/pourtalet-bious-artigues\/","name":"Pourtalet - Bious Artigues - Tour du Pic du Midi d&#039;Ossau","isPartOf":{"@id":"https:\/\/www.circuitsderando.com\/pyrenees\/tour-pic-ossau\/#website"},"primaryImageOfPage":{"@id":"https:\/\/www.circuitsderando.com\/pyrenees\/tour-pic-ossau\/pourtalet-bious-artigues\/#primaryimage"},"image":{"@id":"https:\/\/www.circuitsderando.com\/pyrenees\/tour-pic-ossau\/pourtalet-bious-artigues\/#primaryimage"},"thumbnailUrl":"https:\/\/www.circuitsderando.com\/pyrenees\/tour-pic-ossau\/wp-content\/uploads\/2020\/11\/cirque-aneouh.jpg","datePublished":"2020-11-04T12:57:52+00:00","dateModified":"2022-11-17T07:39:03+00:00","breadcrumb":{"@id":"https:\/\/www.circuitsderando.com\/pyrenees\/tour-pic-ossau\/pourtalet-bious-artigues\/#breadcrumb"},"inLanguage":"fr-FR","potentialAction":[{"@type":"ReadAction","target":["https:\/\/www.circuitsderando.com\/pyrenees\/tour-pic-ossau\/pourtalet-bious-artigues\/"]}]},{"@type":"ImageObject","inLanguage":"fr-FR","@id":"https:\/\/www.circuitsderando.com\/pyrenees\/tour-pic-ossau\/pourtalet-bious-artigues\/#primaryimage","url":"https:\/\/www.circuitsderando.com\/pyrenees\/tour-pic-ossau\/wp-content\/uploads\/2020\/11\/cirque-aneouh.jpg","contentUrl":"https:\/\/www.circuitsderando.com\/pyrenees\/tour-pic-ossau\/wp-content\/uploads\/2020\/11\/cirque-aneouh.jpg","width":960,"height":720},{"@type":"BreadcrumbList","@id":"https:\/\/www.circuitsderando.com\/pyrenees\/tour-pic-ossau\/pourtalet-bious-artigues\/#breadcrumb","itemListElement":[{"@type":"ListItem","position":1,"name":"Tour du Pic du Midi d'Ossau","item":"https:\/\/www.circuitsderando.com\/pyrenees\/tour-pic-ossau\/"},{"@type":"ListItem","position":2,"name":"Pourtalet &#8211; Bious Artigues"}]},{"@type":"WebSite","@id":"https:\/\/www.circuitsderando.com\/pyrenees\/tour-pic-ossau\/#website","url":"https:\/\/www.circuitsderando.com\/pyrenees\/tour-pic-ossau\/","name":"Tour du Pic du Midi d&#039;Ossau","description":"Lescun - Arlet - Lacs d&#039;Ayous - Bious - Etsaut","potentialAction":[{"@type":"SearchAction","target":{"@type":"EntryPoint","urlTemplate":"https:\/\/www.circuitsderando.com\/pyrenees\/tour-pic-ossau\/?s={search_term_string}"},"query-input":{"@type":"PropertyValueSpecification","valueRequired":true,"valueName":"search_term_string"}}],"inLanguage":"fr-FR"}]}},"_links":{"self":[{"href":"https:\/\/www.circuitsderando.com\/pyrenees\/tour-pic-ossau\/wp-json\/wp\/v2\/pages\/36"}],"collection":[{"href":"https:\/\/www.circuitsderando.com\/pyrenees\/tour-pic-ossau\/wp-json\/wp\/v2\/pages"}],"about":[{"href":"https:\/\/www.circuitsderando.com\/pyrenees\/tour-pic-ossau\/wp-json\/wp\/v2\/types\/page"}],"author":[{"embeddable":true,"href":"https:\/\/www.circuitsderando.com\/pyrenees\/tour-pic-ossau\/wp-json\/wp\/v2\/users\/1"}],"replies":[{"embeddable":true,"href":"https:\/\/www.circuitsderando.com\/pyrenees\/tour-pic-ossau\/wp-json\/wp\/v2\/comments?post=36"}],"version-history":[{"count":14,"href":"https:\/\/www.circuitsderando.com\/pyrenees\/tour-pic-ossau\/wp-json\/wp\/v2\/pages\/36\/revisions"}],"predecessor-version":[{"id":196,"href":"https:\/\/www.circuitsderando.com\/pyrenees\/tour-pic-ossau\/wp-json\/wp\/v2\/pages\/36\/revisions\/196"}],"wp:attachment":[{"href":"https:\/\/www.circuitsderando.com\/pyrenees\/tour-pic-ossau\/wp-json\/wp\/v2\/media?parent=36"}],"curies":[{"name":"wp","href":"https:\/\/api.w.org\/{rel}","templated":true}]}}