{"id":8,"date":"2020-11-02T08:01:01","date_gmt":"2020-11-02T07:01:01","guid":{"rendered":"http:\/\/www.circuitsderando.com\/pyrenees\/gr10-bearn\/?page_id=8"},"modified":"2024-01-08T21:23:07","modified_gmt":"2024-01-08T20:23:07","slug":"logibar-sainte-engrace","status":"publish","type":"page","link":"https:\/\/www.circuitsderando.com\/pyrenees\/gr10-bearn\/logibar-sainte-engrace\/","title":{"rendered":"Logibar &#8211; Sainte Engr\u00e2ce"},"content":{"rendered":"\n<div class=\"wp-block-columns is-layout-flex wp-container-core-columns-is-layout-1 wp-block-columns-is-layout-flex\">\n<div class=\"wp-block-column is-layout-flow wp-block-column-is-layout-flow\">\n<figure class=\"wp-block-image size-large\"><a href=\"https:\/\/www.circuitsderando.com\/pyrenees\/gr10-bearn\/wp-content\/uploads\/2020\/11\/cascade-logibar.jpg\" target=\"_blank\" rel=\"noreferrer noopener\"><img loading=\"lazy\" decoding=\"async\" width=\"960\" height=\"720\" src=\"https:\/\/www.circuitsderando.com\/pyrenees\/gr10-bearn\/wp-content\/uploads\/2020\/11\/cascade-logibar.jpg\" alt=\"\" class=\"wp-image-75\" srcset=\"https:\/\/www.circuitsderando.com\/pyrenees\/gr10-bearn\/wp-content\/uploads\/2020\/11\/cascade-logibar.jpg 960w, https:\/\/www.circuitsderando.com\/pyrenees\/gr10-bearn\/wp-content\/uploads\/2020\/11\/cascade-logibar-300x225.jpg 300w, https:\/\/www.circuitsderando.com\/pyrenees\/gr10-bearn\/wp-content\/uploads\/2020\/11\/cascade-logibar-768x576.jpg 768w, https:\/\/www.circuitsderando.com\/pyrenees\/gr10-bearn\/wp-content\/uploads\/2020\/11\/cascade-logibar-690x518.jpg 690w\" sizes=\"(max-width: 960px) 100vw, 960px\" \/><\/a><figcaption class=\"wp-element-caption\"><strong>CASCADE DE LOGIBAR (480 M)<\/strong><br><br>A la sortie du Hameau<\/figcaption><\/figure>\n<\/div>\n\n\n\n<div class=\"wp-block-column is-layout-flow wp-block-column-is-layout-flow\">\n<figure class=\"wp-block-image size-large\"><a href=\"https:\/\/www.circuitsderando.com\/pyrenees\/gr10-bearn\/wp-content\/uploads\/2020\/11\/passerelle-holzarte-3.jpg\" target=\"_blank\" rel=\"noreferrer noopener\"><img loading=\"lazy\" decoding=\"async\" width=\"960\" height=\"720\" src=\"https:\/\/www.circuitsderando.com\/pyrenees\/gr10-bearn\/wp-content\/uploads\/2020\/11\/passerelle-holzarte-3.jpg\" alt=\"\" class=\"wp-image-76\" srcset=\"https:\/\/www.circuitsderando.com\/pyrenees\/gr10-bearn\/wp-content\/uploads\/2020\/11\/passerelle-holzarte-3.jpg 960w, https:\/\/www.circuitsderando.com\/pyrenees\/gr10-bearn\/wp-content\/uploads\/2020\/11\/passerelle-holzarte-3-300x225.jpg 300w, https:\/\/www.circuitsderando.com\/pyrenees\/gr10-bearn\/wp-content\/uploads\/2020\/11\/passerelle-holzarte-3-768x576.jpg 768w, https:\/\/www.circuitsderando.com\/pyrenees\/gr10-bearn\/wp-content\/uploads\/2020\/11\/passerelle-holzarte-3-690x518.jpg 690w\" sizes=\"(max-width: 960px) 100vw, 960px\" \/><\/a><figcaption class=\"wp-element-caption\"><strong>PASSERELLE D&rsquo;HOLZARTE (531 m)<\/strong><br><br>Passerelle surplomblant le canyon d&rsquo;Olhadubi<\/figcaption><\/figure>\n<\/div>\n\n\n\n<div class=\"wp-block-column is-layout-flow wp-block-column-is-layout-flow\">\n<figure class=\"wp-block-image size-large\"><a href=\"https:\/\/www.circuitsderando.com\/pyrenees\/gr10-bearn\/wp-content\/uploads\/2020\/11\/passerelle-holzarte-2.jpg\" target=\"_blank\" rel=\"noreferrer noopener\"><img loading=\"lazy\" decoding=\"async\" width=\"960\" height=\"720\" src=\"https:\/\/www.circuitsderando.com\/pyrenees\/gr10-bearn\/wp-content\/uploads\/2020\/11\/passerelle-holzarte-2.jpg\" alt=\"\" class=\"wp-image-77\" srcset=\"https:\/\/www.circuitsderando.com\/pyrenees\/gr10-bearn\/wp-content\/uploads\/2020\/11\/passerelle-holzarte-2.jpg 960w, https:\/\/www.circuitsderando.com\/pyrenees\/gr10-bearn\/wp-content\/uploads\/2020\/11\/passerelle-holzarte-2-300x225.jpg 300w, https:\/\/www.circuitsderando.com\/pyrenees\/gr10-bearn\/wp-content\/uploads\/2020\/11\/passerelle-holzarte-2-768x576.jpg 768w, https:\/\/www.circuitsderando.com\/pyrenees\/gr10-bearn\/wp-content\/uploads\/2020\/11\/passerelle-holzarte-2-690x518.jpg 690w\" sizes=\"(max-width: 960px) 100vw, 960px\" \/><\/a><figcaption class=\"wp-element-caption\"><strong>PASSERELLE D&rsquo;HOLZARTE (531 m)<br><br><\/strong>Cette passerelle est situ\u00e9e sur la variante du parcours.<\/figcaption><\/figure>\n<\/div>\n<\/div>\n\n\n\n<div class=\"wp-block-columns is-layout-flex wp-container-core-columns-is-layout-2 wp-block-columns-is-layout-flex\">\n<div class=\"wp-block-column is-layout-flow wp-block-column-is-layout-flow\">\n<figure class=\"wp-block-image size-large\"><a href=\"https:\/\/www.circuitsderando.com\/pyrenees\/gr10-bearn\/wp-content\/uploads\/2020\/11\/ugnhurritze-2.jpg\" target=\"_blank\" rel=\"noreferrer noopener\"><img loading=\"lazy\" decoding=\"async\" width=\"960\" height=\"720\" src=\"https:\/\/www.circuitsderando.com\/pyrenees\/gr10-bearn\/wp-content\/uploads\/2020\/11\/ugnhurritze-2.jpg\" alt=\"\" class=\"wp-image-80\" srcset=\"https:\/\/www.circuitsderando.com\/pyrenees\/gr10-bearn\/wp-content\/uploads\/2020\/11\/ugnhurritze-2.jpg 960w, https:\/\/www.circuitsderando.com\/pyrenees\/gr10-bearn\/wp-content\/uploads\/2020\/11\/ugnhurritze-2-300x225.jpg 300w, https:\/\/www.circuitsderando.com\/pyrenees\/gr10-bearn\/wp-content\/uploads\/2020\/11\/ugnhurritze-2-768x576.jpg 768w, https:\/\/www.circuitsderando.com\/pyrenees\/gr10-bearn\/wp-content\/uploads\/2020\/11\/ugnhurritze-2-690x518.jpg 690w\" sizes=\"(max-width: 960px) 100vw, 960px\" \/><\/a><figcaption class=\"wp-element-caption\"><strong>UGNHURRITZE (964 m)<\/strong><br><br>Le Pic d&rsquo;Orhy est visible au loin.<\/figcaption><\/figure>\n<\/div>\n\n\n\n<div class=\"wp-block-column is-layout-flow wp-block-column-is-layout-flow\">\n<figure class=\"wp-block-image size-large\"><a href=\"https:\/\/www.circuitsderando.com\/pyrenees\/gr10-bearn\/wp-content\/uploads\/2020\/11\/cayolar-saratze.jpg\" target=\"_blank\" rel=\"noreferrer noopener\"><img loading=\"lazy\" decoding=\"async\" width=\"960\" height=\"720\" src=\"https:\/\/www.circuitsderando.com\/pyrenees\/gr10-bearn\/wp-content\/uploads\/2020\/11\/cayolar-saratze.jpg\" alt=\"\" class=\"wp-image-81\" srcset=\"https:\/\/www.circuitsderando.com\/pyrenees\/gr10-bearn\/wp-content\/uploads\/2020\/11\/cayolar-saratze.jpg 960w, https:\/\/www.circuitsderando.com\/pyrenees\/gr10-bearn\/wp-content\/uploads\/2020\/11\/cayolar-saratze-300x225.jpg 300w, https:\/\/www.circuitsderando.com\/pyrenees\/gr10-bearn\/wp-content\/uploads\/2020\/11\/cayolar-saratze-768x576.jpg 768w, https:\/\/www.circuitsderando.com\/pyrenees\/gr10-bearn\/wp-content\/uploads\/2020\/11\/cayolar-saratze-690x518.jpg 690w\" sizes=\"(max-width: 960px) 100vw, 960px\" \/><\/a><figcaption class=\"wp-element-caption\"><strong>CAYOLAR DE SARATZE (1124 m)<br><br><\/strong>On domine toute la for\u00eat d&rsquo;Iraty<\/figcaption><\/figure>\n<\/div>\n\n\n\n<div class=\"wp-block-column is-layout-flow wp-block-column-is-layout-flow\">\n<figure class=\"wp-block-image size-large\"><a href=\"https:\/\/www.circuitsderando.com\/pyrenees\/gr10-bearn\/wp-content\/uploads\/2020\/11\/passerelle-gorge-kakoueta.jpg\" target=\"_blank\" rel=\"noreferrer noopener\"><img loading=\"lazy\" decoding=\"async\" width=\"960\" height=\"720\" src=\"https:\/\/www.circuitsderando.com\/pyrenees\/gr10-bearn\/wp-content\/uploads\/2020\/11\/passerelle-gorge-kakoueta.jpg\" alt=\"\" class=\"wp-image-82\" srcset=\"https:\/\/www.circuitsderando.com\/pyrenees\/gr10-bearn\/wp-content\/uploads\/2020\/11\/passerelle-gorge-kakoueta.jpg 960w, https:\/\/www.circuitsderando.com\/pyrenees\/gr10-bearn\/wp-content\/uploads\/2020\/11\/passerelle-gorge-kakoueta-300x225.jpg 300w, https:\/\/www.circuitsderando.com\/pyrenees\/gr10-bearn\/wp-content\/uploads\/2020\/11\/passerelle-gorge-kakoueta-768x576.jpg 768w, https:\/\/www.circuitsderando.com\/pyrenees\/gr10-bearn\/wp-content\/uploads\/2020\/11\/passerelle-gorge-kakoueta-690x518.jpg 690w\" sizes=\"(max-width: 960px) 100vw, 960px\" \/><\/a><figcaption class=\"wp-element-caption\"><strong>GORGES DE KAKOUETA (489 m)<\/strong><br><br>Gorges situ\u00e9es \u00e0 proximit\u00e9 des Gorges d&rsquo;Holzart\u00e9.<\/figcaption><\/figure>\n<\/div>\n<\/div>\n\n\n\n<div class=\"wp-block-columns is-layout-flex wp-container-core-columns-is-layout-3 wp-block-columns-is-layout-flex\">\n<div class=\"wp-block-column is-layout-flow wp-block-column-is-layout-flow\">\n<figure class=\"wp-block-image size-large\"><a href=\"https:\/\/www.circuitsderando.com\/pyrenees\/gr10-bearn\/wp-content\/uploads\/2020\/11\/calla.jpg\" target=\"_blank\" rel=\"noreferrer noopener\"><img loading=\"lazy\" decoding=\"async\" width=\"960\" height=\"720\" src=\"https:\/\/www.circuitsderando.com\/pyrenees\/gr10-bearn\/wp-content\/uploads\/2020\/11\/calla.jpg\" alt=\"\" class=\"wp-image-85\" srcset=\"https:\/\/www.circuitsderando.com\/pyrenees\/gr10-bearn\/wp-content\/uploads\/2020\/11\/calla.jpg 960w, https:\/\/www.circuitsderando.com\/pyrenees\/gr10-bearn\/wp-content\/uploads\/2020\/11\/calla-300x225.jpg 300w, https:\/\/www.circuitsderando.com\/pyrenees\/gr10-bearn\/wp-content\/uploads\/2020\/11\/calla-768x576.jpg 768w, https:\/\/www.circuitsderando.com\/pyrenees\/gr10-bearn\/wp-content\/uploads\/2020\/11\/calla-690x518.jpg 690w\" sizes=\"(max-width: 960px) 100vw, 960px\" \/><\/a><figcaption class=\"wp-element-caption\"><strong>CALLA (600 m)<\/strong><br><br>Petit hameau situ\u00e9 \u00e0 l&rsquo;entr\u00e9e de Ste Engrace<\/figcaption><\/figure>\n<\/div>\n\n\n\n<div class=\"wp-block-column is-layout-flow wp-block-column-is-layout-flow\">\n<figure class=\"wp-block-image size-large\"><a href=\"https:\/\/www.circuitsderando.com\/pyrenees\/gr10-bearn\/wp-content\/uploads\/2020\/11\/gorge-eluhacre.jpg\" target=\"_blank\" rel=\"noreferrer noopener\"><img loading=\"lazy\" decoding=\"async\" width=\"960\" height=\"720\" src=\"https:\/\/www.circuitsderando.com\/pyrenees\/gr10-bearn\/wp-content\/uploads\/2020\/11\/gorge-eluhacre.jpg\" alt=\"\" class=\"wp-image-86\" srcset=\"https:\/\/www.circuitsderando.com\/pyrenees\/gr10-bearn\/wp-content\/uploads\/2020\/11\/gorge-eluhacre.jpg 960w, https:\/\/www.circuitsderando.com\/pyrenees\/gr10-bearn\/wp-content\/uploads\/2020\/11\/gorge-eluhacre-300x225.jpg 300w, https:\/\/www.circuitsderando.com\/pyrenees\/gr10-bearn\/wp-content\/uploads\/2020\/11\/gorge-eluhacre-768x576.jpg 768w, https:\/\/www.circuitsderando.com\/pyrenees\/gr10-bearn\/wp-content\/uploads\/2020\/11\/gorge-eluhacre-690x518.jpg 690w\" sizes=\"(max-width: 960px) 100vw, 960px\" \/><\/a><figcaption class=\"wp-element-caption\"><strong>GORGES D&rsquo;ELUHACRE (685 m)<\/strong><br><br>Gorges situ\u00e9es en face du petit hameau de Calla.<\/figcaption><\/figure>\n<\/div>\n\n\n\n<div class=\"wp-block-column is-layout-flow wp-block-column-is-layout-flow\">\n<figure class=\"wp-block-image size-large\"><a href=\"https:\/\/www.circuitsderando.com\/pyrenees\/gr10-bearn\/wp-content\/uploads\/2020\/11\/arrivee-ste-engrace.jpg\" target=\"_blank\" rel=\"noreferrer noopener\"><img loading=\"lazy\" decoding=\"async\" width=\"960\" height=\"720\" src=\"https:\/\/www.circuitsderando.com\/pyrenees\/gr10-bearn\/wp-content\/uploads\/2020\/11\/arrivee-ste-engrace.jpg\" alt=\"\" class=\"wp-image-87\" srcset=\"https:\/\/www.circuitsderando.com\/pyrenees\/gr10-bearn\/wp-content\/uploads\/2020\/11\/arrivee-ste-engrace.jpg 960w, https:\/\/www.circuitsderando.com\/pyrenees\/gr10-bearn\/wp-content\/uploads\/2020\/11\/arrivee-ste-engrace-300x225.jpg 300w, https:\/\/www.circuitsderando.com\/pyrenees\/gr10-bearn\/wp-content\/uploads\/2020\/11\/arrivee-ste-engrace-768x576.jpg 768w, https:\/\/www.circuitsderando.com\/pyrenees\/gr10-bearn\/wp-content\/uploads\/2020\/11\/arrivee-ste-engrace-690x518.jpg 690w\" sizes=\"(max-width: 960px) 100vw, 960px\" \/><\/a><figcaption class=\"wp-element-caption\"><strong>STE ENGRACE (644 m)<br><br><\/strong>Groupe de hameaux dominant les gorges.<\/figcaption><\/figure>\n<\/div>\n<\/div>\n\n\n\n<p class=\"has-text-align-right\"><a href=\"https:\/\/www.circuitsderando.com\/pyrenees\/gr10-bearn\/sainte-engrace-lescun\/\">Etape 3 : St Engr\u00e2ce &#8211; Lescun &gt;&gt;&gt; <\/a><\/p>\n","protected":false},"excerpt":{"rendered":"<p>Etape 3 : St Engr\u00e2ce &#8211; Lescun &gt;&gt;&gt;<\/p>\n","protected":false},"author":1,"featured_media":0,"parent":0,"menu_order":0,"comment_status":"closed","ping_status":"closed","template":"templates\/full-width-page.php","meta":{"_monsterinsights_skip_tracking":false,"_monsterinsights_sitenote_active":false,"_monsterinsights_sitenote_note":"","_monsterinsights_sitenote_category":0,"footnotes":""},"class_list":["post-8","page","type-page","status-publish","hentry"],"yoast_head":"<!-- This site is optimized with the Yoast SEO plugin v23.5 - https:\/\/yoast.com\/wordpress\/plugins\/seo\/ -->\n<title>Logibar - Sainte Engr\u00e2ce - GR10 - B\u00e9arn<\/title>\n<meta name=\"robots\" content=\"index, follow, max-snippet:-1, max-image-preview:large, max-video-preview:-1\" \/>\n<link rel=\"canonical\" href=\"https:\/\/www.circuitsderando.com\/pyrenees\/gr10-bearn\/logibar-sainte-engrace\/\" \/>\n<meta property=\"og:locale\" content=\"fr_FR\" \/>\n<meta property=\"og:type\" content=\"article\" \/>\n<meta property=\"og:title\" content=\"Logibar - Sainte Engr\u00e2ce - GR10 - B\u00e9arn\" \/>\n<meta property=\"og:description\" content=\"Etape 3 : St Engr\u00e2ce &#8211; Lescun &gt;&gt;&gt;\" \/>\n<meta property=\"og:url\" content=\"https:\/\/www.circuitsderando.com\/pyrenees\/gr10-bearn\/logibar-sainte-engrace\/\" \/>\n<meta property=\"og:site_name\" content=\"GR10 - B\u00e9arn\" \/>\n<meta property=\"article:modified_time\" content=\"2024-01-08T20:23:07+00:00\" \/>\n<meta property=\"og:image\" content=\"https:\/\/www.circuitsderando.com\/pyrenees\/gr10-bearn\/wp-content\/uploads\/2020\/11\/cascade-logibar.jpg\" \/>\n<meta name=\"twitter:card\" content=\"summary_large_image\" \/>\n<meta name=\"twitter:label1\" content=\"Dur\u00e9e de lecture estim\u00e9e\" \/>\n\t<meta name=\"twitter:data1\" content=\"1 minute\" \/>\n<script type=\"application\/ld+json\" class=\"yoast-schema-graph\">{\"@context\":\"https:\/\/schema.org\",\"@graph\":[{\"@type\":\"WebPage\",\"@id\":\"https:\/\/www.circuitsderando.com\/pyrenees\/gr10-bearn\/logibar-sainte-engrace\/\",\"url\":\"https:\/\/www.circuitsderando.com\/pyrenees\/gr10-bearn\/logibar-sainte-engrace\/\",\"name\":\"Logibar - Sainte Engr\u00e2ce - GR10 - B\u00e9arn\",\"isPartOf\":{\"@id\":\"https:\/\/www.circuitsderando.com\/pyrenees\/gr10-bearn\/#website\"},\"primaryImageOfPage\":{\"@id\":\"https:\/\/www.circuitsderando.com\/pyrenees\/gr10-bearn\/logibar-sainte-engrace\/#primaryimage\"},\"image\":{\"@id\":\"https:\/\/www.circuitsderando.com\/pyrenees\/gr10-bearn\/logibar-sainte-engrace\/#primaryimage\"},\"thumbnailUrl\":\"https:\/\/www.circuitsderando.com\/pyrenees\/gr10-bearn\/wp-content\/uploads\/2020\/11\/cascade-logibar.jpg\",\"datePublished\":\"2020-11-02T07:01:01+00:00\",\"dateModified\":\"2024-01-08T20:23:07+00:00\",\"breadcrumb\":{\"@id\":\"https:\/\/www.circuitsderando.com\/pyrenees\/gr10-bearn\/logibar-sainte-engrace\/#breadcrumb\"},\"inLanguage\":\"fr-FR\",\"potentialAction\":[{\"@type\":\"ReadAction\",\"target\":[\"https:\/\/www.circuitsderando.com\/pyrenees\/gr10-bearn\/logibar-sainte-engrace\/\"]}]},{\"@type\":\"ImageObject\",\"inLanguage\":\"fr-FR\",\"@id\":\"https:\/\/www.circuitsderando.com\/pyrenees\/gr10-bearn\/logibar-sainte-engrace\/#primaryimage\",\"url\":\"https:\/\/www.circuitsderando.com\/pyrenees\/gr10-bearn\/wp-content\/uploads\/2020\/11\/cascade-logibar.jpg\",\"contentUrl\":\"https:\/\/www.circuitsderando.com\/pyrenees\/gr10-bearn\/wp-content\/uploads\/2020\/11\/cascade-logibar.jpg\",\"width\":960,\"height\":720},{\"@type\":\"BreadcrumbList\",\"@id\":\"https:\/\/www.circuitsderando.com\/pyrenees\/gr10-bearn\/logibar-sainte-engrace\/#breadcrumb\",\"itemListElement\":[{\"@type\":\"ListItem\",\"position\":1,\"name\":\"GR10 B\u00e9arn\",\"item\":\"https:\/\/www.circuitsderando.com\/pyrenees\/gr10-bearn\/\"},{\"@type\":\"ListItem\",\"position\":2,\"name\":\"Logibar &#8211; Sainte Engr\u00e2ce\"}]},{\"@type\":\"WebSite\",\"@id\":\"https:\/\/www.circuitsderando.com\/pyrenees\/gr10-bearn\/#website\",\"url\":\"https:\/\/www.circuitsderando.com\/pyrenees\/gr10-bearn\/\",\"name\":\"GR10 - B\u00e9arn\",\"description\":\"Bagargiak - Ste Engr\u00e2ce - Lescun - Gourette - Arrens Marsous\",\"potentialAction\":[{\"@type\":\"SearchAction\",\"target\":{\"@type\":\"EntryPoint\",\"urlTemplate\":\"https:\/\/www.circuitsderando.com\/pyrenees\/gr10-bearn\/?s={search_term_string}\"},\"query-input\":{\"@type\":\"PropertyValueSpecification\",\"valueRequired\":true,\"valueName\":\"search_term_string\"}}],\"inLanguage\":\"fr-FR\"}]}<\/script>\n<!-- \/ Yoast SEO plugin. -->","yoast_head_json":{"title":"Logibar - Sainte Engr\u00e2ce - GR10 - B\u00e9arn","robots":{"index":"index","follow":"follow","max-snippet":"max-snippet:-1","max-image-preview":"max-image-preview:large","max-video-preview":"max-video-preview:-1"},"canonical":"https:\/\/www.circuitsderando.com\/pyrenees\/gr10-bearn\/logibar-sainte-engrace\/","og_locale":"fr_FR","og_type":"article","og_title":"Logibar - Sainte Engr\u00e2ce - GR10 - B\u00e9arn","og_description":"Etape 3 : St Engr\u00e2ce &#8211; Lescun &gt;&gt;&gt;","og_url":"https:\/\/www.circuitsderando.com\/pyrenees\/gr10-bearn\/logibar-sainte-engrace\/","og_site_name":"GR10 - B\u00e9arn","article_modified_time":"2024-01-08T20:23:07+00:00","og_image":[{"url":"https:\/\/www.circuitsderando.com\/pyrenees\/gr10-bearn\/wp-content\/uploads\/2020\/11\/cascade-logibar.jpg"}],"twitter_card":"summary_large_image","twitter_misc":{"Dur\u00e9e de lecture estim\u00e9e":"1 minute"},"schema":{"@context":"https:\/\/schema.org","@graph":[{"@type":"WebPage","@id":"https:\/\/www.circuitsderando.com\/pyrenees\/gr10-bearn\/logibar-sainte-engrace\/","url":"https:\/\/www.circuitsderando.com\/pyrenees\/gr10-bearn\/logibar-sainte-engrace\/","name":"Logibar - Sainte Engr\u00e2ce - GR10 - B\u00e9arn","isPartOf":{"@id":"https:\/\/www.circuitsderando.com\/pyrenees\/gr10-bearn\/#website"},"primaryImageOfPage":{"@id":"https:\/\/www.circuitsderando.com\/pyrenees\/gr10-bearn\/logibar-sainte-engrace\/#primaryimage"},"image":{"@id":"https:\/\/www.circuitsderando.com\/pyrenees\/gr10-bearn\/logibar-sainte-engrace\/#primaryimage"},"thumbnailUrl":"https:\/\/www.circuitsderando.com\/pyrenees\/gr10-bearn\/wp-content\/uploads\/2020\/11\/cascade-logibar.jpg","datePublished":"2020-11-02T07:01:01+00:00","dateModified":"2024-01-08T20:23:07+00:00","breadcrumb":{"@id":"https:\/\/www.circuitsderando.com\/pyrenees\/gr10-bearn\/logibar-sainte-engrace\/#breadcrumb"},"inLanguage":"fr-FR","potentialAction":[{"@type":"ReadAction","target":["https:\/\/www.circuitsderando.com\/pyrenees\/gr10-bearn\/logibar-sainte-engrace\/"]}]},{"@type":"ImageObject","inLanguage":"fr-FR","@id":"https:\/\/www.circuitsderando.com\/pyrenees\/gr10-bearn\/logibar-sainte-engrace\/#primaryimage","url":"https:\/\/www.circuitsderando.com\/pyrenees\/gr10-bearn\/wp-content\/uploads\/2020\/11\/cascade-logibar.jpg","contentUrl":"https:\/\/www.circuitsderando.com\/pyrenees\/gr10-bearn\/wp-content\/uploads\/2020\/11\/cascade-logibar.jpg","width":960,"height":720},{"@type":"BreadcrumbList","@id":"https:\/\/www.circuitsderando.com\/pyrenees\/gr10-bearn\/logibar-sainte-engrace\/#breadcrumb","itemListElement":[{"@type":"ListItem","position":1,"name":"GR10 B\u00e9arn","item":"https:\/\/www.circuitsderando.com\/pyrenees\/gr10-bearn\/"},{"@type":"ListItem","position":2,"name":"Logibar &#8211; Sainte Engr\u00e2ce"}]},{"@type":"WebSite","@id":"https:\/\/www.circuitsderando.com\/pyrenees\/gr10-bearn\/#website","url":"https:\/\/www.circuitsderando.com\/pyrenees\/gr10-bearn\/","name":"GR10 - B\u00e9arn","description":"Bagargiak - Ste Engr\u00e2ce - Lescun - Gourette - Arrens Marsous","potentialAction":[{"@type":"SearchAction","target":{"@type":"EntryPoint","urlTemplate":"https:\/\/www.circuitsderando.com\/pyrenees\/gr10-bearn\/?s={search_term_string}"},"query-input":{"@type":"PropertyValueSpecification","valueRequired":true,"valueName":"search_term_string"}}],"inLanguage":"fr-FR"}]}},"_links":{"self":[{"href":"https:\/\/www.circuitsderando.com\/pyrenees\/gr10-bearn\/wp-json\/wp\/v2\/pages\/8"}],"collection":[{"href":"https:\/\/www.circuitsderando.com\/pyrenees\/gr10-bearn\/wp-json\/wp\/v2\/pages"}],"about":[{"href":"https:\/\/www.circuitsderando.com\/pyrenees\/gr10-bearn\/wp-json\/wp\/v2\/types\/page"}],"author":[{"embeddable":true,"href":"https:\/\/www.circuitsderando.com\/pyrenees\/gr10-bearn\/wp-json\/wp\/v2\/users\/1"}],"replies":[{"embeddable":true,"href":"https:\/\/www.circuitsderando.com\/pyrenees\/gr10-bearn\/wp-json\/wp\/v2\/comments?post=8"}],"version-history":[{"count":8,"href":"https:\/\/www.circuitsderando.com\/pyrenees\/gr10-bearn\/wp-json\/wp\/v2\/pages\/8\/revisions"}],"predecessor-version":[{"id":246,"href":"https:\/\/www.circuitsderando.com\/pyrenees\/gr10-bearn\/wp-json\/wp\/v2\/pages\/8\/revisions\/246"}],"wp:attachment":[{"href":"https:\/\/www.circuitsderando.com\/pyrenees\/gr10-bearn\/wp-json\/wp\/v2\/media?parent=8"}],"curies":[{"name":"wp","href":"https:\/\/api.w.org\/{rel}","templated":true}]}}