{"id":2,"date":"2020-10-31T08:46:01","date_gmt":"2020-10-31T07:46:01","guid":{"rendered":"https:\/\/www.circuitsderando.com\/circuit-25-bosses\/?page_id=2"},"modified":"2020-10-31T16:21:36","modified_gmt":"2020-10-31T15:21:36","slug":"page-d-exemple","status":"publish","type":"page","link":"https:\/\/www.circuitsderando.com\/circuit-25-bosses\/","title":{"rendered":"Circuit des 25 Bosses"},"content":{"rendered":"\n<div class=\"wp-block-columns is-layout-flex wp-container-core-columns-is-layout-1 wp-block-columns-is-layout-flex\">\n<div class=\"wp-block-column is-layout-flow wp-block-column-is-layout-flow\">\n<figure class=\"wp-block-image size-large\"><img loading=\"lazy\" decoding=\"async\" width=\"960\" height=\"720\" src=\"https:\/\/www.circuitsderando.com\/circuit-25-bosses\/wp-content\/uploads\/2020\/10\/gde-montagne.jpg\" alt=\"\" class=\"wp-image-126\" srcset=\"https:\/\/www.circuitsderando.com\/circuit-25-bosses\/wp-content\/uploads\/2020\/10\/gde-montagne.jpg 960w, https:\/\/www.circuitsderando.com\/circuit-25-bosses\/wp-content\/uploads\/2020\/10\/gde-montagne-300x225.jpg 300w, https:\/\/www.circuitsderando.com\/circuit-25-bosses\/wp-content\/uploads\/2020\/10\/gde-montagne-768x576.jpg 768w, https:\/\/www.circuitsderando.com\/circuit-25-bosses\/wp-content\/uploads\/2020\/10\/gde-montagne-690x518.jpg 690w\" sizes=\"(max-width: 960px) 100vw, 960px\" \/><\/figure>\n<\/div>\n\n\n\n<div class=\"wp-block-column is-layout-flow wp-block-column-is-layout-flow\">\n<figure class=\"wp-block-image size-large\"><img loading=\"lazy\" decoding=\"async\" width=\"960\" height=\"720\" src=\"https:\/\/www.circuitsderando.com\/circuit-25-bosses\/wp-content\/uploads\/2020\/10\/entre-pivot-et-guetteur.jpg\" alt=\"\" class=\"wp-image-93\" srcset=\"https:\/\/www.circuitsderando.com\/circuit-25-bosses\/wp-content\/uploads\/2020\/10\/entre-pivot-et-guetteur.jpg 960w, https:\/\/www.circuitsderando.com\/circuit-25-bosses\/wp-content\/uploads\/2020\/10\/entre-pivot-et-guetteur-300x225.jpg 300w, https:\/\/www.circuitsderando.com\/circuit-25-bosses\/wp-content\/uploads\/2020\/10\/entre-pivot-et-guetteur-768x576.jpg 768w, https:\/\/www.circuitsderando.com\/circuit-25-bosses\/wp-content\/uploads\/2020\/10\/entre-pivot-et-guetteur-690x518.jpg 690w\" sizes=\"(max-width: 960px) 100vw, 960px\" \/><\/figure>\n<\/div>\n\n\n\n<div class=\"wp-block-column is-layout-flow wp-block-column-is-layout-flow\">\n<figure class=\"wp-block-image size-large\"><img loading=\"lazy\" decoding=\"async\" width=\"960\" height=\"720\" src=\"https:\/\/www.circuitsderando.com\/circuit-25-bosses\/wp-content\/uploads\/2020\/10\/croix-de-lorraine-1.jpg\" alt=\"\" class=\"wp-image-138\" srcset=\"https:\/\/www.circuitsderando.com\/circuit-25-bosses\/wp-content\/uploads\/2020\/10\/croix-de-lorraine-1.jpg 960w, https:\/\/www.circuitsderando.com\/circuit-25-bosses\/wp-content\/uploads\/2020\/10\/croix-de-lorraine-1-300x225.jpg 300w, https:\/\/www.circuitsderando.com\/circuit-25-bosses\/wp-content\/uploads\/2020\/10\/croix-de-lorraine-1-768x576.jpg 768w, https:\/\/www.circuitsderando.com\/circuit-25-bosses\/wp-content\/uploads\/2020\/10\/croix-de-lorraine-1-690x518.jpg 690w\" sizes=\"(max-width: 960px) 100vw, 960px\" \/><\/figure>\n<\/div>\n<\/div>\n\n\n\n<div class=\"wp-block-columns is-layout-flex wp-container-core-columns-is-layout-2 wp-block-columns-is-layout-flex\">\n<div class=\"wp-block-column is-layout-flow wp-block-column-is-layout-flow\">\n<p class=\"has-text-align-center\"><strong><a href=\"https:\/\/www.circuitsderando.com\/circuit-25-bosses\/mont-pivot\/\">Mont Pivot<\/a><\/strong><br><strong><a href=\"https:\/\/www.circuitsderando.com\/circuit-25-bosses\/souris\/\">Souris<\/a><\/strong><br><strong><a href=\"https:\/\/www.circuitsderando.com\/circuit-25-bosses\/sablons-ouest\/\">Sablons Ouest<\/a><\/strong><br><strong><a href=\"https:\/\/www.circuitsderando.com\/circuit-25-bosses\/tortue\/\">Tortue<\/a><\/strong><br><strong><a href=\"https:\/\/www.circuitsderando.com\/circuit-25-bosses\/cailleau\/\">Cailleau<\/a><\/strong><\/p>\n<\/div>\n\n\n\n<div class=\"wp-block-column is-layout-flow wp-block-column-is-layout-flow\">\n<p class=\"has-text-align-center\"><strong><a href=\"https:\/\/www.circuitsderando.com\/circuit-25-bosses\/pivot-guetteur\/\">Pivot \/ Guetteur<\/a><\/strong><br><strong><a href=\"https:\/\/www.circuitsderando.com\/circuit-25-bosses\/marchais-chambergeot\/\">Marchais \/ Chambergeot<\/a><\/strong><br><strong><a href=\"https:\/\/www.circuitsderando.com\/circuit-25-bosses\/sablons-est\/\">Sablons Est<\/a><\/strong><br><strong><a href=\"https:\/\/www.circuitsderando.com\/circuit-25-bosses\/grande-montagne\/\">Grande Montagne<\/a><\/strong><br><strong><a href=\"https:\/\/www.circuitsderando.com\/circuit-25-bosses\/guichot-sabots\/\">Guichot \/ Sabots<\/a><\/strong><\/p>\n<\/div>\n\n\n\n<div class=\"wp-block-column is-layout-flow wp-block-column-is-layout-flow\">\n<p class=\"has-text-align-center\"><strong><a href=\"https:\/\/www.circuitsderando.com\/circuit-25-bosses\/guetteur\/\">Guetteur<\/a><\/strong><br><strong><a href=\"https:\/\/www.circuitsderando.com\/circuit-25-bosses\/vallee-close\/\">Vall\u00e9e Close<\/a><\/strong><br><strong><a href=\"https:\/\/www.circuitsderando.com\/circuit-25-bosses\/vallee-ronde\/\">Vall\u00e9e Ronde<\/a><\/strong><br><strong><a href=\"https:\/\/www.circuitsderando.com\/circuit-25-bosses\/potala\/\">Potala<\/a><\/strong><\/p>\n<\/div>\n<\/div>\n\n\n\n<p class=\"has-text-align-center\"><a href=\"https:\/\/www.circuitsderando.com\/25bosses\/acces.php\"><strong>Voir le plan d&rsquo;acc\u00e8s au circuit<\/strong><\/a><\/p>\n","protected":false},"excerpt":{"rendered":"<p>Mont PivotSourisSablons OuestTortueCailleau Pivot \/ GuetteurMarchais \/ ChambergeotSablons EstGrande MontagneGuichot \/ Sabots GuetteurVall\u00e9e CloseVall\u00e9e RondePotala Voir le plan d&rsquo;acc\u00e8s au circuit<\/p>\n","protected":false},"author":1,"featured_media":0,"parent":0,"menu_order":0,"comment_status":"closed","ping_status":"open","template":"templates\/full-width-page.php","meta":{"_monsterinsights_skip_tracking":false,"_monsterinsights_sitenote_active":false,"_monsterinsights_sitenote_note":"","_monsterinsights_sitenote_category":0,"footnotes":""},"class_list":["post-2","page","type-page","status-publish","hentry"],"yoast_head":"<!-- This site is optimized with the Yoast SEO plugin v23.5 - https:\/\/yoast.com\/wordpress\/plugins\/seo\/ -->\n<title>Circuit des 25 Bosses - Circuit des 25 bosses<\/title>\n<meta name=\"robots\" content=\"index, follow, max-snippet:-1, max-image-preview:large, max-video-preview:-1\" \/>\n<link rel=\"canonical\" href=\"https:\/\/www.circuitsderando.com\/circuit-25-bosses\/\" \/>\n<meta property=\"og:locale\" content=\"fr_FR\" \/>\n<meta property=\"og:type\" content=\"article\" \/>\n<meta property=\"og:title\" content=\"Circuit des 25 Bosses - Circuit des 25 bosses\" \/>\n<meta property=\"og:description\" content=\"Mont PivotSourisSablons OuestTortueCailleau Pivot \/ GuetteurMarchais \/ ChambergeotSablons EstGrande MontagneGuichot \/ Sabots GuetteurVall\u00e9e CloseVall\u00e9e RondePotala Voir le plan d&rsquo;acc\u00e8s au circuit\" \/>\n<meta property=\"og:url\" content=\"https:\/\/www.circuitsderando.com\/circuit-25-bosses\/\" \/>\n<meta property=\"og:site_name\" content=\"Circuit des 25 bosses\" \/>\n<meta property=\"article:modified_time\" content=\"2020-10-31T15:21:36+00:00\" \/>\n<meta property=\"og:image\" content=\"https:\/\/www.circuitsderando.com\/circuit-25-bosses\/wp-content\/uploads\/2020\/10\/gde-montagne.jpg\" \/>\n<meta name=\"twitter:card\" content=\"summary_large_image\" \/>\n<script type=\"application\/ld+json\" class=\"yoast-schema-graph\">{\"@context\":\"https:\/\/schema.org\",\"@graph\":[{\"@type\":\"WebPage\",\"@id\":\"https:\/\/www.circuitsderando.com\/circuit-25-bosses\/\",\"url\":\"https:\/\/www.circuitsderando.com\/circuit-25-bosses\/\",\"name\":\"Circuit des 25 Bosses - Circuit des 25 bosses\",\"isPartOf\":{\"@id\":\"https:\/\/www.circuitsderando.com\/circuit-25-bosses\/#website\"},\"primaryImageOfPage\":{\"@id\":\"https:\/\/www.circuitsderando.com\/circuit-25-bosses\/#primaryimage\"},\"image\":{\"@id\":\"https:\/\/www.circuitsderando.com\/circuit-25-bosses\/#primaryimage\"},\"thumbnailUrl\":\"https:\/\/www.circuitsderando.com\/circuit-25-bosses\/wp-content\/uploads\/2020\/10\/gde-montagne.jpg\",\"datePublished\":\"2020-10-31T07:46:01+00:00\",\"dateModified\":\"2020-10-31T15:21:36+00:00\",\"breadcrumb\":{\"@id\":\"https:\/\/www.circuitsderando.com\/circuit-25-bosses\/#breadcrumb\"},\"inLanguage\":\"fr-FR\",\"potentialAction\":[{\"@type\":\"ReadAction\",\"target\":[\"https:\/\/www.circuitsderando.com\/circuit-25-bosses\/\"]}]},{\"@type\":\"ImageObject\",\"inLanguage\":\"fr-FR\",\"@id\":\"https:\/\/www.circuitsderando.com\/circuit-25-bosses\/#primaryimage\",\"url\":\"https:\/\/www.circuitsderando.com\/circuit-25-bosses\/wp-content\/uploads\/2020\/10\/gde-montagne.jpg\",\"contentUrl\":\"https:\/\/www.circuitsderando.com\/circuit-25-bosses\/wp-content\/uploads\/2020\/10\/gde-montagne.jpg\",\"width\":960,\"height\":720},{\"@type\":\"BreadcrumbList\",\"@id\":\"https:\/\/www.circuitsderando.com\/circuit-25-bosses\/#breadcrumb\",\"itemListElement\":[{\"@type\":\"ListItem\",\"position\":1,\"name\":\"Circuit des 25 bosses\",\"item\":\"https:\/\/www.circuitsderando.com\/circuit-25-bosses\/\"},{\"@type\":\"ListItem\",\"position\":2,\"name\":\"Circuit des 25 Bosses\"}]},{\"@type\":\"WebSite\",\"@id\":\"https:\/\/www.circuitsderando.com\/circuit-25-bosses\/#website\",\"url\":\"https:\/\/www.circuitsderando.com\/circuit-25-bosses\/\",\"name\":\"Circuit des 25 bosses\",\"description\":\"Massif des 3 Pignons- Fontainebleau\",\"potentialAction\":[{\"@type\":\"SearchAction\",\"target\":{\"@type\":\"EntryPoint\",\"urlTemplate\":\"https:\/\/www.circuitsderando.com\/circuit-25-bosses\/?s={search_term_string}\"},\"query-input\":{\"@type\":\"PropertyValueSpecification\",\"valueRequired\":true,\"valueName\":\"search_term_string\"}}],\"inLanguage\":\"fr-FR\"}]}<\/script>\n<!-- \/ Yoast SEO plugin. -->","yoast_head_json":{"title":"Circuit des 25 Bosses - Circuit des 25 bosses","robots":{"index":"index","follow":"follow","max-snippet":"max-snippet:-1","max-image-preview":"max-image-preview:large","max-video-preview":"max-video-preview:-1"},"canonical":"https:\/\/www.circuitsderando.com\/circuit-25-bosses\/","og_locale":"fr_FR","og_type":"article","og_title":"Circuit des 25 Bosses - Circuit des 25 bosses","og_description":"Mont PivotSourisSablons OuestTortueCailleau Pivot \/ GuetteurMarchais \/ ChambergeotSablons EstGrande MontagneGuichot \/ Sabots GuetteurVall\u00e9e CloseVall\u00e9e RondePotala Voir le plan d&rsquo;acc\u00e8s au circuit","og_url":"https:\/\/www.circuitsderando.com\/circuit-25-bosses\/","og_site_name":"Circuit des 25 bosses","article_modified_time":"2020-10-31T15:21:36+00:00","og_image":[{"url":"https:\/\/www.circuitsderando.com\/circuit-25-bosses\/wp-content\/uploads\/2020\/10\/gde-montagne.jpg"}],"twitter_card":"summary_large_image","schema":{"@context":"https:\/\/schema.org","@graph":[{"@type":"WebPage","@id":"https:\/\/www.circuitsderando.com\/circuit-25-bosses\/","url":"https:\/\/www.circuitsderando.com\/circuit-25-bosses\/","name":"Circuit des 25 Bosses - Circuit des 25 bosses","isPartOf":{"@id":"https:\/\/www.circuitsderando.com\/circuit-25-bosses\/#website"},"primaryImageOfPage":{"@id":"https:\/\/www.circuitsderando.com\/circuit-25-bosses\/#primaryimage"},"image":{"@id":"https:\/\/www.circuitsderando.com\/circuit-25-bosses\/#primaryimage"},"thumbnailUrl":"https:\/\/www.circuitsderando.com\/circuit-25-bosses\/wp-content\/uploads\/2020\/10\/gde-montagne.jpg","datePublished":"2020-10-31T07:46:01+00:00","dateModified":"2020-10-31T15:21:36+00:00","breadcrumb":{"@id":"https:\/\/www.circuitsderando.com\/circuit-25-bosses\/#breadcrumb"},"inLanguage":"fr-FR","potentialAction":[{"@type":"ReadAction","target":["https:\/\/www.circuitsderando.com\/circuit-25-bosses\/"]}]},{"@type":"ImageObject","inLanguage":"fr-FR","@id":"https:\/\/www.circuitsderando.com\/circuit-25-bosses\/#primaryimage","url":"https:\/\/www.circuitsderando.com\/circuit-25-bosses\/wp-content\/uploads\/2020\/10\/gde-montagne.jpg","contentUrl":"https:\/\/www.circuitsderando.com\/circuit-25-bosses\/wp-content\/uploads\/2020\/10\/gde-montagne.jpg","width":960,"height":720},{"@type":"BreadcrumbList","@id":"https:\/\/www.circuitsderando.com\/circuit-25-bosses\/#breadcrumb","itemListElement":[{"@type":"ListItem","position":1,"name":"Circuit des 25 bosses","item":"https:\/\/www.circuitsderando.com\/circuit-25-bosses\/"},{"@type":"ListItem","position":2,"name":"Circuit des 25 Bosses"}]},{"@type":"WebSite","@id":"https:\/\/www.circuitsderando.com\/circuit-25-bosses\/#website","url":"https:\/\/www.circuitsderando.com\/circuit-25-bosses\/","name":"Circuit des 25 bosses","description":"Massif des 3 Pignons- Fontainebleau","potentialAction":[{"@type":"SearchAction","target":{"@type":"EntryPoint","urlTemplate":"https:\/\/www.circuitsderando.com\/circuit-25-bosses\/?s={search_term_string}"},"query-input":{"@type":"PropertyValueSpecification","valueRequired":true,"valueName":"search_term_string"}}],"inLanguage":"fr-FR"}]}},"_links":{"self":[{"href":"https:\/\/www.circuitsderando.com\/circuit-25-bosses\/wp-json\/wp\/v2\/pages\/2"}],"collection":[{"href":"https:\/\/www.circuitsderando.com\/circuit-25-bosses\/wp-json\/wp\/v2\/pages"}],"about":[{"href":"https:\/\/www.circuitsderando.com\/circuit-25-bosses\/wp-json\/wp\/v2\/types\/page"}],"author":[{"embeddable":true,"href":"https:\/\/www.circuitsderando.com\/circuit-25-bosses\/wp-json\/wp\/v2\/users\/1"}],"replies":[{"embeddable":true,"href":"https:\/\/www.circuitsderando.com\/circuit-25-bosses\/wp-json\/wp\/v2\/comments?post=2"}],"version-history":[{"count":12,"href":"https:\/\/www.circuitsderando.com\/circuit-25-bosses\/wp-json\/wp\/v2\/pages\/2\/revisions"}],"predecessor-version":[{"id":151,"href":"https:\/\/www.circuitsderando.com\/circuit-25-bosses\/wp-json\/wp\/v2\/pages\/2\/revisions\/151"}],"wp:attachment":[{"href":"https:\/\/www.circuitsderando.com\/circuit-25-bosses\/wp-json\/wp\/v2\/media?parent=2"}],"curies":[{"name":"wp","href":"https:\/\/api.w.org\/{rel}","templated":true}]}}